-4b1cdb
In base 10, what is 1 + -611025?
-611024
In base 12, what is 2a62b664 - 8?
2a62b658
In base 8, what is 1635 + 55203?
57040
In base 14, what is 1 - -232d8c46?
232d8c47
In base 15, what is 5 + -ed7eaa?
-ed7ea5
In base 4, what is 120231 + -2332322?
-2212031
In base 6, what is -133552553 - -1?
-133552552
In base 13, what is -194ac8a + 3?
-194ac87
In base 15, what is -489 - 3ae4?
-407d
In base 2, what is 100011010101000001000011 + -11?
100011010101000001000000
In base 12, what is -4303 + -8a0?
-4ba3
In base 10, what is 43791438 - 0?
43791438
In base 14, what is 1173c6 + -45?
117381
In base 12, what is -153407 - -7b?
-153348
In base 11, what is 4 + -143541?
-143538
In base 7, what is 321302 + 5241?
326543
In base 5, what is -4 + -21133441214?
-21133441223
In base 9, what is -5 - 3832615?
-3832621
In base 6, what is 5 - -140000154?
140000203
In base 9, what is -5321 - -4681?
-530
In base 14, what is 8 + 65858dd?
6585907
In base 8, what is -12 + -77704?
-77716
In base 2, what is -11001100 - -1011111111100011010?
1011111111001001110
In base 5, what is -12323 - -224133?
211310
In base 5, what is 3 + -3102144320?
-3102144312
In base 11, what is -463429223 + -4?
-463429227
In base 15, what is -9429eec + 1?
-9429eeb
In base 7, what is -2154431 - 6?
-2154440
In base 3, what is 10 + 211200200200022?
211200200200102
In base 2, what is -10 - 11011011100010100011101001?
-11011011100010100011101011
In base 10, what is 3135700 - 66?
3135634
In base 16, what is 3 - -9b3997?
9b399a
In base 6, what is 21 + 52535221?
52535242
In base 4, what is 10300 + 121003132?
121020032
In base 3, what is 2200122001 - 11001112?
2112120112
In base 16, what is -122a2c + -d3?
-122aff
In base 12, what is 58715 - -13?
58728
In base 12, what is -1289980 - -3?
-1289979
In base 5, what is 120333141414 + -11?
120333141403
In base 5, what is 431244 + -1420?
424324
In base 5, what is 2410134440 - 114?
2410134321
In base 15, what is -10a3a6 + -95?
-10a44b
In base 4, what is -12020132 + -230?
-12021022
In base 13, what is 14a243 - -1a?
14a260
In base 7, what is -2 - 166022?
-166024
In base 15, what is -2ddeda - 54?
-2de03e
In base 9, what is -6 + -26255514?
-26255521
In base 3, what is -10100121111020001 - 1?
-10100121111020002
In base 10, what is 569837 + -2?
569835
In base 2, what is 11001 - -10111111000100110000?
10111111000101001001
In base 8, what is 16 + 536214?
536232
In base 8, what is -12103 - 3720?
-16023
In base 3, what is -20211100212 + 10212?
-20211020000
In base 8, what is 20 - 4104025?
-4104005
In base 11, what is 7a + 6105564?
6105633
In base 6, what is -20251330 - -5?
-20251321
In base 6, what is 43232431 - -11?
43232442
In base 3, what is -1 + 110212010021221?
110212010021220
In base 5, what is -343341 + 1040120?
141224
In base 15, what is -2aeb + -30e8?
-5be4
In base 4, what is 1031232 + 200200?
1232032
In base 5, what is 400121002 + 2401?
400123403
In base 12, what is -3371 - -2766?
-807
In base 14, what is 12 - -260d1c?
260d30
In base 9, what is -1404401 + -40?
-1404441
In base 13, what is 11 - -39b920b?
39b921c
In base 2, what is -10111000001 + 11110111?
-10011001010
In base 10, what is 1505047 + 6?
1505053
In base 7, what is -40 - 205255002?
-205255042
In base 3, what is 1210202221 - 1102?
1210201112
In base 15, what is -1cea - -a76a?
8970
In base 13, what is 449c - -13887?
18056
In base 14, what is -261 + 608bb?
6065a
In base 5, what is -243212214 + 0?
-243212214
In base 14, what is -26cd8 + 74?
-26c64
In base 14, what is -71 + 169596?
169525
In base 8, what is 4775630 - -25?
4775655
In base 12, what is -144b088 + -4?
-144b090
In base 4, what is 1010130012 + -211?
1010123201
In base 5, what is -2044 - 31131300?
-31133344
In base 10, what is -124660 + -95?
-124755
In base 13, what is -1418c8 + -1c?
-141917
In base 10, what is -1 - -638418?
638417
In base 3, what is 10120 - -21110102001110?
21110102012000
In base 8, what is 52 + 47615?
47667
In base 10, what is 1645701 + 2?
1645703
In base 3, what is 1020212 - -10201011?
11222000
In base 9, what is -63 + -1216302?
-1216365
In base 5, what is 223 - 4034030?
-4033302
In base 5, what is 10 + -3440232132?
-3440232122
In base 12, what is 4 - -ba590a3?
ba590a7
In base 15, what is 29e + c9?
378
In base 2, what is 11101111100111011 - 1000111?
11101111011110100
In base 5, what is -20413234314 + -21?
-20413234340
In base 9, what is -138260802 - 2?
-138260804
In base 15, what is -1490a - -861?
-14099
In base 11, what is 1a6351 + -698?
1a5764
In base 7, what is -421 + 15424?
15003
In base 2, what is -10 + -1010110101100000011001?
-1010110101100000011011
In base 16, what is -249173c - -5?
-2491737
In base 5, what is 14113211 + 3211?
14121422
In base 8, what is -570 + -565524?
-566314
In base 4, what is 0 - -20130210211?
20130210211
In base 10, what is -28 + -6005?
-6033
In base 12, what is -43b - 6b428?
-6b867
In base 14, what is -7981 + -db?
-7a7c
In base 11, what is 1750 - -6a58?
86a8
In base 9, what is 4586215 - -13?
4586228
In base 16, what is -23c1 + -1072?
-3433
In base 8, what is -12433 - 12277?
-24732
In base 11, what is -644a6957 - 2?
-644a6959
In base 14, what is 551 - -15109?
1565a
In base 12, what is -4 - 576894?
-576898
In base 14, what is 38cc36 - -18?
38cc50
In base 12, what is 9b4 - 28913?
-27b1b
In base 11, what is 85 + 597178?
597252
In base 4, what is -3010220 + 3230110?
213230
In base 7, what is -242125 - 14111?
-256236
In base 5, what is -12 - -2014014241?
2014014224
In base 5, what is 1033 + -10011310000?
-10011303412
In base 13, what is -1c1076c + -1?
-1c10770
In base 10, what is 7546530 + 2?
7546532
In base 16, what is 14607c6 + 7?
14607cd
In base 2, what is -100111111 + -110010000?
-1011001111
In base 12, what is 917177 - a?
917169
In base 12, what is -12b7 - -2002?
907
In base 5, what is 3132 - 342323?
-334141
In base 6, what is 110 - 2304101?
-2303551
In base 9, what is 7 + 1272112?
1272120
In base 9, what is 457 - 233548?
-233081
In base 8, what is 7057 - -242?
7321
In base 4, what is -1033 + -323323322?
-323331021
In base 15, what is 39d95c + -a?
39d952
In base 10, what is 4558557 - -10?
4558567
In base 3, what is -11010110 - -22222020221?
22211010111
In base 5, what is 2 - 3430230024?
-3430230022
In base 11, what is -9583552 - 0?
-9583552
In base 7, what is 4220023 - 231?
4216462
In base 14, what is 48 - a8c5?
-a87b
In base 15, what is 1d01b - -50?
1d06b
In base 3, what is 120120 + 12120110110?
12121001000
In base 5, what is -20212200 + 30?
-20212120
In base 13, what is 23a + 62371?
625ab
In base 13, what is -11c19b + 103?
-11c098
In base 11, what is 4423137 - -4?
4423140
In base 10, what is 12381862 + 1?
12381863
In base 2, what is -1010001100 - -10000010000110101001?
10000001111100011101
In base 9, what is -6138818 + -11?
-6138830
In base 10, what is 160897636 - 3?
160897633
In base 15, what is -110455 + 2?
-110453
In base 6, what is -224103 + -50335?
-314442
In base 3, what is -1120211010 + 2102?
-1120201201
In base 10, what is 679 - 153194?
-152515
In base 10, what is 79510792 + 5?
79510797
In base 9, what is 336273444 - -4?
336273448
In base 6, what is 133442540 - 154?
133442342
In base 6, what is -33055 + 1045242?
1012143
In base 2, what is 10 - 111111101010010000011?
-111111101010010000001
In base 14, what is 13637d3 - 5?
13637cc
In base 15, what is -20 + -1929?
-1949
In base 9, what is -30715 - 770?
-31585
In base 15, what is 15036 + 7?
1503d
In base 13, what is 269206b - 19?
2692052
In base 11, what is -1296406 + 6?
-1296400
In base 2, what is -100 - 1110011000100001001011?
-1110011000100001001111
In base 6, what is 44405244 + -25?
44405215
In base 8, what is 32061 + -516?
31343
In base 5, what is -214402012 - 4?
-214402021
In base 15, what is 9 - 5960c2?
-5960b8
In base 16, what is -7a7 + -19b95?
-1a33c
In base 15, what is -220 + -3715?
-3935
In base 13, what is -3b2 + -4875a?
-48b3c
In base 11, what is 122749 + 1a?
122768
In base 15, what is -36817c80 + -3?
-36817c83
In base 14, what is -1 - 166a30a0?
-166a30a1
In base 6, what is -32004 - -10312?
-21252
In base 6, what is -54 - 515034225?
-515034323
In base 5, what is -204411 - 20223?
-230134
In base 3, what is 1010 + -1012221101021?
-1012221100011
In base 4, what is -21031022331 + -3?
-21031023000
In base 6, what is -24355022244 +